base 2, what is -100011111001110000 - -100110?
-100011111001001010
In base 9, what is 5 - 18253520?
-18253514
In base 11, what is a0 + -a909?
-a819
In base 3, what is 111210120012101211 - 1?
111210120012101210
In base 12, what is -65 + 89383?
8931a
In base 12, what is -449371 + -16?
-449387
In base 12, what is -4ba55657 + -5?
-4ba55660
In base 4, what is 122003231 + 1032?
122010323
In base 9, what is 12762 + -5704?
6057
In base 5, what is 40 + -33401414?
-33401324
In base 15, what is -73 + -adce?
-ae52
In base 12, what is 9 - 354222b3?
-354222a6
In base 4, what is -10 - 120120123001?
-120120123011
In base 14, what is 3 - -627b31?
627b34
In base 16, what is -11a + 1b8a7?
1b78d
In base 5, what is 12041334423 + 123?
12041340101
In base 9, what is 108217 + 10556?
118774
In base 13, what is -16 - a0439?
-a0452
In base 15, what is 1a80 - b83?
dec
In base 14, what is -78d31 + -1?
-78d32
In base 13, what is a3a6 + 471?
a847
In base 9, what is -2 + 115116431?
115116428
In base 5, what is 112 - 213241101?
-213240434
In base 14, what is 1 + 1cad2ca?
1cad2cb
In base 11, what is -5166 - -9451?
4296
In base 15, what is -2ce64cb - 2?
-2ce64cd
In base 4, what is -2 - -10311000321?
10311000313
In base 5, what is 3 + -212410320333?
-212410320330
In base 9, what is -142051 - -16?
-142034
In base 3, what is 1021010101212 - -222?
1021010102211
In base 3, what is 20100220020 + 2212?
20101000002
In base 16, what is 119 - -859b?
86b4
In base 6, what is -4055152 + -423?
-4100015
In base 6, what is -515421 + -4202?
-524023
In base 14, what is d5d2b5 - 0?
d5d2b5
In base 16, what is 5 + -143552?
-14354d
In base 10, what is 55 - -89826?
89881
In base 2, what is 10101010110110011001001101 + 0?
10101010110110011001001101
In base 5, what is 21112 + -2120442?
-2044330
In base 9, what is 2175 + 52537?
54723
In base 13, what is -1b7 + -11784?
-1196b
In base 16, what is -11e5e3a4 - 1?
-11e5e3a5
In base 16, what is -2 - 2f4fef7?
-2f4fef9
In base 9, what is -387345030 + -1?
-387345031
In base 4, what is 113000213311 - 20?
113000213231
In base 13, what is 1a632 + 8bb?
1b220
In base 3, what is -1 - -22220220221021012?
22220220221021011
In base 3, what is -1 + 10221210121021?
10221210121020
In base 12, what is -9 - 2555073?
-2555080
In base 4, what is 2113200030 - 1220?
2113132210
In base 8, what is -71253755 + 3?
-71253752
In base 2, what is 10011100001100000000 - -10110?
10011100001100010110
In base 13, what is 7 + b811549?
b811553
In base 7, what is 1101 - -1551344?
1552445
In base 14, what is 1a646 - -290?
1a8d6
In base 13, what is 23 + -395b51b?
-395b4c8
In base 9, what is -150766 - -3351?
-146415
In base 16, what is -36b3b + -98e?
-374c9
In base 12, what is b343a + 75?
b34b3
In base 16, what is -f - bf8ab?
-bf8ba
In base 11, what is -48 - -22a99?
22a51
In base 14, what is 2 + -103154?
-103152
In base 10, what is -782 - -380?
-402
In base 4, what is -12 - -303320210220?
303320210202
In base 16, what is -5f931 - 17?
-5f948
In base 2, what is -1010101 + -1100000110111100110?
-1100000111000111011
In base 11, what is 37384183 + 2?
37384185
In base 4, what is -312322301 - 323020?
-313311321
In base 10, what is 2 + 467491?
467493
In base 9, what is 45 - -33142?
33187
In base 4, what is 200333231322 - -11?
200333231333
In base 5, what is 0 + 4121103210?
4121103210
In base 6, what is -1434011130 - -11?
-1434011115
In base 12, what is -11a60b + -4?
-11a613
In base 2, what is 0 - -1010001111101011010110011011?
1010001111101011010110011011
In base 6, what is -2235520 + -11?
-2235531
In base 2, what is -101101111010111010100 - 100100111?
-101101111011011111011
In base 2, what is -1100010000111010101011001 - 111?
-1100010000111010101100000
In base 2, what is -1 - -1101011010111100011111?
1101011010111100011110
In base 14, what is b + -31866?
-31859
In base 5, what is -4 - -22120013024?
22120013020
In base 10, what is 28302062 - 1?
28302061
In base 5, what is 2 + 2144302314?
2144302321
In base 5, what is -110 + -10402402102?
-10402402212
In base 8, what is 1210 - 103435?
-102225
In base 13, what is -286c0a8 - 5?
-286c0b0
In base 8, what is -4 - -11461507?
11461503
In base 8, what is -56746403 - 11?
-56746414
In base 8, what is -357622 + 5231?
-352371
In base 10, what is -1443 - 213?
-1656
In base 8, what is 13013 - 2105?
10706
In base 3, what is 12111122012 - -21001?
12111220020
In base 3, what is 110022102 - 1011200?
102010202
In base 11, what is -4 - 47a6736?
-47a673a
In base 13, what is -44946 - 5b4?
-4522a
In base 15, what is -718b - -28a1?
-47da
In base 13, what is 10c19b6 - 3?
10c19b3
In base 3, what is -10220210202 + -100?
-10220211002
In base 2, what is 110010 - 1100010001100001?
-1100010000101111
In base 8, what is -1032037051 + -1?
-1032037052
In base 5, what is -1444 + -12333?
-14332
In base 2, what is 10011 + -10001011010111110?
-10001011010101011
In base 12, what is -205 - 15698?
-158a1
In base 9, what is 781 + -415588?
-414707
In base 11, what is -4341359 + 1?
-4341358
In base 9, what is -738887 - -164?
-738723
In base 16, what is 146 - 1086?
-f40
In base 14, what is -6b - -13819?
1378c
In base 8, what is 100633 + 1050?
101703
In base 8, what is -15164 - 2611?
-17775
In base 11, what is 171495 - 9?
171487
In base 16, what is -576d - -152?
-561b
In base 5, what is -10042233100 + -1?
-10042233101
In base 2, what is -111001100111011 - 10110100101?
-111100011100000
In base 10, what is -40 + -94460?
-94500
In base 11, what is aa316 + -194?
aa132
In base 8, what is -42440270 - 1?
-42440271
In base 3, what is 110011020000 + -1001212?
110010011011
In base 8, what is -1 + 10476117?
10476116
In base 14, what is 37519c + 0?
37519c
In base 14, what is -6 - 14da341?
-14da347
In base 14, what is -83b6d - 18?
-83b87
In base 8, what is 1 + 13670532?
13670533
In base 13, what is -12 - 2629205?
-2629217
In base 3, what is -10011200 - 1001?
-10012201
In base 3, what is 11102 - 112102121?
-112021012
In base 5, what is 12441303443010 + -10?
12441303443000
In base 11, what is 0 - -6809124?
6809124
In base 13, what is 130c - 20a?
1102
In base 14, what is -168 + -99c88?
-9a012
In base 4, what is -222203111 - 3032?
-222212203
In base 6, what is 43000 + -51?
42505
In base 13, what is 535719b - -3?
53571a1
In base 7, what is 2260342 + 1063?
2261435
In base 2, what is 1110100110110 + 100011?
1110101011001
In base 16, what is 4cf368 - -6?
4cf36e
In base 16, what is 4 + 60c08a?
60c08e
In base 16, what is 1a + -bbd459?
-bbd43f
In base 12, what is -2ab - 1844b?
-1873a
In base 10, what is 2896119 - 1?
2896118
In base 16, what is 10e + -1a82?
-1974
In base 6, what is -15410225 + 1212?
-15405013
In base 16, what is -2a62 - 10d31?
-13793
In base 12, what is -6 - -12ba773?
12ba769
In base 8, what is -14044 - -106103?
72037
In base 10, what is 2 + -2186886?
-2186884
In base 7, what is 2562 + -163412?
-160520
In base 14, what is -180d5 - 765?
-1885a
In base 14, what is aa3 - 1a0a?
-d47
In base 8, what is 41077011 - 4?
41077005
In base 9, what is -218 + 113774?
113555
In base 5, what is 33402000 + -12?
33401433
In base 3, what is -122211220002022 + 100?
-122211220001222
In base 12, what is -2 + -7a8223?
-7a8225
In base 9, what is 58 - -32407580?
32407648
In base 8, what is 16614 - 240653?
-222037
In base 2, what is 1111000 + 1010001110011100110?
1010001110101011110
In base 4, what is 3002213213310 + -1?
3002213213303
In base 2, what is 1110101110 - 111000110001101011?
-111000100010111101
In base 9, what is 6532 - -7022?
14554
In base 4, what is 10123012 - -12203?
10201221
In base 13, what is -44b92 - 7?
-44b99
In base 9, what is -3 + -45053657?
-45053661
In base 12, what is 1b771b - -4?
1b7723
In base 4, what is -30212221 + -11003022?
-101221303
In base 8, what is 10323206 - 32?
10323154
In base 8, what is -371 - -754661?
754270
In base 2, what is -11 - -10101101000111001100111101?
10101101000111001100111010
In base 8, what is -12206022 + -212?
-12206234
In base 13, what is 4239086 + -4?
4239082
In base 8, what is 145 - -10671136?
10671303
In base 8, what is -214 + 534135?
533721
In base 11, what is -322 - -33282?
32a60
In base 13, what is 5 - -29752a?
297532
In base 4, what is -21102220 + -23012223?
-110121103
In base 9, what is 4502 + -82848?
-77346
In base 7, what is 151603 - -136452?
321355
In base 5, what is